{"id":1322,"date":"2025-06-19T14:29:22","date_gmt":"2025-06-19T12:29:22","guid":{"rendered":"https:\/\/bringhimjoy.pl\/?page_id=1322"},"modified":"2026-01-25T20:31:24","modified_gmt":"2026-01-25T19:31:24","slug":"glowna","status":"publish","type":"page","link":"https:\/\/kingskids.pl\/","title":{"rendered":"G\u0142\u00f3wna"},"content":{"rendered":"\n<div class=\"wp-block-uagb-container uagb-block-494c42c4 alignfull uagb-is-root-container\"><div class=\"uagb-container-inner-blocks-wrap\">\n<div class=\"wp-block-uagb-info-box uagb-block-cd2517a4 uagb-infobox__content-wrap  uagb-infobox-icon-above-title uagb-infobox-image-valign-top wp-block-uagb-info-box--has-margin\"><div class=\"uagb-infobox-margin-wrapper\"><div class=\"uagb-ifb-content\"><div class=\"uagb-ifb-title-wrap\"><h1 class=\"uagb-ifb-title-prefix\">Jeste\u015bmy<\/h1><h1 class=\"uagb-ifb-title\"><mark style=\"background-color:rgba(0, 0, 0, 0);color:#fcb900\" class=\"has-inline-color\">King&#8217;s Kids<\/mark><\/h1><\/div><p class=\"uagb-ifb-desc\"><mark style=\"background-color:rgba(0, 0, 0, 0);color:#ffffff\" class=\"has-inline-color\">Dzieci, m\u0142odzie\u017c i rodziny rozpalone, do \u017cycia w Bo\u017cej obecno\u015bci.<\/mark><br><br>Cz\u0119\u015b\u0107 s\u0142u\u017cby M\u0142odzie\u017c z Misj\u0105 (YWAM)<\/p><\/div><\/div><\/div>\n<\/div><\/div>\n\n\n\n<div class=\"wp-block-uagb-container uagb-block-ilwcybim alignfull uagb-is-root-container\"><div class=\"uagb-container-inner-blocks-wrap\">\n<div class=\"wp-block-uagb-info-box uagb-block-shgpyqbi uagb-infobox__content-wrap  uagb-infobox-icon-above-title uagb-infobox-image-valign-top\"><div class=\"uagb-ifb-content\"><div class=\"uagb-ifb-title-wrap\"><h2 class=\"uagb-ifb-title\">Nasza wizja &#8211; prosta warto\u015b\u0107 p\u0142yn\u0105ca z Bo\u017cego serca<\/h2><\/div><\/div><\/div>\n\n\n\n<div class=\"wp-block-uagb-container uagb-block-ph4ijjyr\">\n<div class=\"wp-block-uagb-container uagb-block-olfh5m3k\">\n<div class=\"wp-block-uagb-image aligncenter uagb-block-qv2wcbhf wp-block-uagb-image--layout-default wp-block-uagb-image--effect-static wp-block-uagb-image--align-center alignleft\"><figure class=\"wp-block-uagb-image__figure\"><img decoding=\"async\" srcset=\"https:\/\/kingskids.pl\/wp-content\/uploads\/2026\/01\/2-3-925x1024.png ,https:\/\/kingskids.pl\/wp-content\/uploads\/2026\/01\/2-3.png 780w, https:\/\/kingskids.pl\/wp-content\/uploads\/2026\/01\/2-3.png 360w\" sizes=\"auto, (max-width: 480px) 150px\" src=\"https:\/\/kingskids.pl\/wp-content\/uploads\/2026\/01\/2-3-925x1024.png\" alt=\"\" class=\"uag-image-1364\" width=\"337\" height=\"450\" title=\"2-3\" loading=\"lazy\" role=\"img\"\/><\/figure><\/div>\n\n\n\n<div class=\"wp-block-uagb-info-box uagb-block-syfb1zuq uagb-infobox__content-wrap  uagb-infobox-icon-above-title uagb-infobox-image-valign-top\"><div class=\"uagb-ifb-content\"><div class=\"uagb-ifb-title-wrap\"><h3 class=\"uagb-ifb-title\">Zna\u0107 Boga<\/h3><\/div><p class=\"uagb-ifb-desc\">&#8216;Jego Boska moc obdarzy\u0142a nas wszystkim, co jest potrzebne do \u017cycia i pobo\u017cno\u015bci. Otrzymujemy to dzi\u0119ki poznaniu Tego, kt\u00f3ry nas powo\u0142a\u0142 w swojej w\u0142asnej chwale i wspania\u0142o\u015bci. &#8216;<br>2 Piotra 1:3<\/p><\/div><\/div>\n<\/div>\n\n\n\n<div class=\"wp-block-uagb-container uagb-block-imcvcy9h\">\n<div class=\"wp-block-uagb-image alignleft uagb-block-k4u29kqb wp-block-uagb-image--layout-default wp-block-uagb-image--effect-static wp-block-uagb-image--align-left\"><figure class=\"wp-block-uagb-image__figure\"><img decoding=\"async\" srcset=\"https:\/\/kingskids.pl\/wp-content\/uploads\/2026\/01\/3-925x1024.png ,https:\/\/kingskids.pl\/wp-content\/uploads\/2026\/01\/3.png 780w, https:\/\/kingskids.pl\/wp-content\/uploads\/2026\/01\/3.png 360w\" sizes=\"auto, (max-width: 480px) 150px\" src=\"https:\/\/kingskids.pl\/wp-content\/uploads\/2026\/01\/3-925x1024.png\" alt=\"\" class=\"uag-image-1365\" width=\"368\" height=\"450\" title=\"3\" loading=\"lazy\" role=\"img\"\/><\/figure><\/div>\n\n\n\n<div class=\"wp-block-uagb-info-box uagb-block-9dxpiuui uagb-infobox__content-wrap  uagb-infobox-icon-above-title uagb-infobox-image-valign-top\"><div class=\"uagb-ifb-content\"><div class=\"uagb-ifb-title-wrap\"><h3 class=\"uagb-ifb-title\">Przynosi\u0107 Mu rado\u015b\u0107<\/h3><\/div><p class=\"uagb-ifb-desc\">&#8216;Rozleg\u0142 si\u0119 te\u017c g\u0142os z nieba: Oto m\u00f3j ukochany Syn, \u017ar\u00f3d\u0142o mojej rado\u015bci.&#8217;<br>Mateusza 3:17<\/p><\/div><\/div>\n<\/div>\n\n\n\n<div class=\"wp-block-uagb-container uagb-block-8ytz0oab\">\n<div class=\"wp-block-uagb-image alignleft uagb-block-als3dz67 wp-block-uagb-image--layout-default wp-block-uagb-image--effect-static wp-block-uagb-image--align-left\"><figure class=\"wp-block-uagb-image__figure\"><img decoding=\"async\" srcset=\"https:\/\/kingskids.pl\/wp-content\/uploads\/2026\/01\/1-3-925x1024.png ,https:\/\/kingskids.pl\/wp-content\/uploads\/2026\/01\/1-3.png 780w, https:\/\/kingskids.pl\/wp-content\/uploads\/2026\/01\/1-3.png 360w\" sizes=\"auto, (max-width: 480px) 150px\" src=\"https:\/\/kingskids.pl\/wp-content\/uploads\/2026\/01\/1-3-925x1024.png\" alt=\"\" class=\"uag-image-1362\" width=\"336\" height=\"450\" title=\"1-3\" loading=\"lazy\" role=\"img\"\/><\/figure><\/div>\n\n\n\n<div class=\"wp-block-uagb-info-box uagb-block-ylolzoj6 uagb-infobox__content-wrap  uagb-infobox-icon-above-title uagb-infobox-image-valign-top\"><div class=\"uagb-ifb-content\"><div class=\"uagb-ifb-title-wrap\"><h3 class=\"uagb-ifb-title\">Czyni\u0107 Go znanym<\/h3><\/div><p class=\"uagb-ifb-desc\">&#8216;Id\u017acie wi\u0119c i pozyskujcie uczni\u00f3w po\u015br\u00f3d wszystkich narod\u00f3w. Chrzcijcie ich w imi\u0119 Ojca, Syna i Ducha \u015awi\u0119tego i uczcie przestrzega\u0107 wszystkiego, co wam przykaza\u0142em. A oto Ja jestem z wami przez wszystkie dni a\u017c po kres tego wieku.&#8217;<br>Mateusza 28:19-20<\/p><\/div><\/div>\n<\/div>\n<\/div>\n<\/div><\/div>\n\n\n\n<div class=\"wp-block-uagb-container uagb-block-c1tj4j6e alignfull uagb-is-root-container\"><div class=\"uagb-container-inner-blocks-wrap\">\n<div class=\"wp-block-uagb-container uagb-block-g0jiemuu alignfull uagb-is-root-container\"><div class=\"uagb-container-inner-blocks-wrap\">\n<div class=\"wp-block-uagb-info-box uagb-block-pzkgtzgo uagb-infobox__content-wrap  uagb-infobox-icon-below-title uagb-infobox-image-valign-top\"><div class=\"uagb-ifb-content\"><div class=\"uagb-ifb-title-wrap\"><h2 class=\"uagb-ifb-title\">Naszym powo\u0142aniem jest nie\u015b\u0107 Bo\u017c\u0105 obecno\u015b\u0107 &#8211; wsz\u0119dzie gdzie idziemy!<\/h2><\/div><\/div><\/div>\n\n\n\n<div class=\"wp-block-uagb-container uagb-block-x1auc8sp\">\n<div class=\"wp-block-uagb-info-box uagb-block-de4dzckd uagb-infobox__content-wrap  uagb-infobox-icon-above-title uagb-infobox-image-valign-top\"><div class=\"uagb-ifb-content\"><div class=\"uagb-ifb-title-wrap\"><\/div><p class=\"uagb-ifb-desc\">Fundamentem naszej misji jest czynienie uczniami wszystkich narod\u00f3w. Realizujemy to, opieraj\u0105c si\u0119 na naszych warto\u015bciach, takich jak dzia\u0142ania mi\u0119dzypokoleniowe, budowanie relacji z Bogiem oraz wychodzenie na zewn\u0105trz. Wierzymy, \u017ce dzieci posiadaj\u0105 zdolno\u015b\u0107 poznawania Boga i s\u0142u\u017cenia Mu od najwcze\u015bniejszych lat!<\/p><\/div><\/div>\n\n\n\n<div class=\"wp-block-columns is-layout-flex wp-container-core-columns-is-layout-28f84493 wp-block-columns-is-layout-flex\">\n<div class=\"wp-block-column is-layout-flow wp-block-column-is-layout-flow\" style=\"flex-basis:50%\">\n<div class=\"wp-block-columns is-not-stacked-on-mobile is-layout-flex wp-container-core-columns-is-layout-28f84493 wp-block-columns-is-layout-flex\">\n<div class=\"wp-block-column is-layout-flow wp-block-column-is-layout-flow\">\n<figure class=\"wp-block-image size-large is-resized\"><a href=\"https:\/\/open.spotify.com\/artist\/6B2qnRay16CsHc1AJzxsm9?si=5AIoo3grTtu3KBNJI5UTRg&amp;nd=1&amp;dlsi=1097fe7cc7af4e0b\"><img loading=\"lazy\" decoding=\"async\" width=\"925\" height=\"1024\" src=\"https:\/\/kingskids.pl\/wp-content\/uploads\/2026\/01\/spotify-3-925x1024.png\" alt=\"\" class=\"wp-image-1350\" style=\"width:51px\" srcset=\"https:\/\/kingskids.pl\/wp-content\/uploads\/2026\/01\/spotify-3-925x1024.png 925w, https:\/\/kingskids.pl\/wp-content\/uploads\/2026\/01\/spotify-3-271x300.png 271w, https:\/\/kingskids.pl\/wp-content\/uploads\/2026\/01\/spotify-3-768x850.png 768w, https:\/\/kingskids.pl\/wp-content\/uploads\/2026\/01\/spotify-3-1388x1536.png 1388w, https:\/\/kingskids.pl\/wp-content\/uploads\/2026\/01\/spotify-3.png 1536w\" sizes=\"auto, (max-width: 925px) 100vw, 925px\" \/><\/a><\/figure>\n<\/div>\n\n\n\n<div class=\"wp-block-column is-layout-flow wp-block-column-is-layout-flow\">\n<figure class=\"wp-block-image size-large is-resized\"><a href=\"https:\/\/www.facebook.com\/kkipoland\"><img loading=\"lazy\" decoding=\"async\" width=\"925\" height=\"1024\" src=\"https:\/\/kingskids.pl\/wp-content\/uploads\/2026\/01\/6-1-925x1024.png\" alt=\"\" class=\"wp-image-1349\" style=\"width:51px\" srcset=\"https:\/\/kingskids.pl\/wp-content\/uploads\/2026\/01\/6-1-925x1024.png 925w, https:\/\/kingskids.pl\/wp-content\/uploads\/2026\/01\/6-1-271x300.png 271w, https:\/\/kingskids.pl\/wp-content\/uploads\/2026\/01\/6-1-768x850.png 768w, https:\/\/kingskids.pl\/wp-content\/uploads\/2026\/01\/6-1-1388x1536.png 1388w, https:\/\/kingskids.pl\/wp-content\/uploads\/2026\/01\/6-1.png 1536w\" sizes=\"auto, (max-width: 925px) 100vw, 925px\" \/><\/a><\/figure>\n<\/div>\n\n\n\n<div class=\"wp-block-column is-layout-flow wp-block-column-is-layout-flow\">\n<figure class=\"wp-block-image size-large is-resized\"><a href=\"https:\/\/www.instagram.com\/kingskidspolska\/\"><img loading=\"lazy\" decoding=\"async\" width=\"925\" height=\"1024\" src=\"https:\/\/kingskids.pl\/wp-content\/uploads\/2026\/01\/5-1-925x1024.png\" alt=\"\" class=\"wp-image-1348\" style=\"aspect-ratio:0.9032997272823491;width:51px;height:auto\" srcset=\"https:\/\/kingskids.pl\/wp-content\/uploads\/2026\/01\/5-1-925x1024.png 925w, https:\/\/kingskids.pl\/wp-content\/uploads\/2026\/01\/5-1-271x300.png 271w, https:\/\/kingskids.pl\/wp-content\/uploads\/2026\/01\/5-1-768x850.png 768w, https:\/\/kingskids.pl\/wp-content\/uploads\/2026\/01\/5-1-1388x1536.png 1388w, https:\/\/kingskids.pl\/wp-content\/uploads\/2026\/01\/5-1.png 1536w\" sizes=\"auto, (max-width: 925px) 100vw, 925px\" \/><\/a><\/figure>\n<\/div>\n<\/div>\n<\/div>\n\n\n\n<div class=\"wp-block-column is-layout-flow wp-block-column-is-layout-flow\" style=\"flex-basis:50%\"><\/div>\n<\/div>\n<\/div>\n<\/div><\/div>\n<\/div><\/div>\n\n\n\n<div class=\"wp-block-uagb-container uagb-block-8a98ea26 alignfull uagb-is-root-container\">\n<div class=\"wp-block-uagb-container uagb-block-04e332ee\"><\/div>\n<\/div>\n\n\n\n<div class=\"wp-block-uagb-container uagb-block-zpp2fhar alignwide uagb-is-root-container\">\n<div class=\"wp-block-uagb-info-box uagb-block-a6n3abq7 uagb-infobox__content-wrap  uagb-infobox-icon-above-title uagb-infobox-image-valign-top\"><div class=\"uagb-ifb-content\"><div class=\"uagb-ifb-title-wrap\"><h1 class=\"uagb-ifb-title\">Jak s\u0142u\u017cymy?<\/h1><\/div><p class=\"uagb-ifb-desc\">Nasze inicjatywy:<\/p><\/div><\/div>\n\n\n\n<div class=\"wp-block-uagb-container uagb-block-suw69qzm alignfull uagb-is-root-container\">\n<div class=\"wp-block-uagb-container uagb-block-ouzjqgq4\">\n<div class=\"wp-block-uagb-info-box uagb-block-a1cwaajq uagb-infobox__content-wrap  uagb-infobox-icon-above-title uagb-infobox-image-valign-top\"><div class=\"uagb-ifb-content\"><div class=\"uagb-ifb-title-wrap\"><h3 class=\"uagb-ifb-title\">SUM<\/h3><\/div><p class=\"uagb-ifb-desc\">Szko\u0142a Uczniostwa Misyjnego.<\/p><\/div><\/div>\n<\/div>\n\n\n\n<div class=\"wp-block-uagb-container uagb-block-18ca9b23\">\n<div class=\"wp-block-uagb-info-box uagb-block-694b3d7d uagb-infobox__content-wrap  uagb-infobox-icon-above-title uagb-infobox-image-valign-top\"><div class=\"uagb-ifb-content\"><div class=\"uagb-ifb-title-wrap\"><h3 class=\"uagb-ifb-title\">Misje<\/h3><\/div><p class=\"uagb-ifb-desc\">Ka\u017cdego roku wyje\u017cdzamy na wyjazdy misyjne, kt\u00f3re s\u0105 finaln\u0105 cz\u0119\u015bci\u0105 Szko\u0142y Uczniostwa Misyjnego.<\/p><\/div><\/div>\n<\/div>\n\n\n\n<div class=\"wp-block-uagb-container uagb-block-h6e6nzh5\">\n<div class=\"wp-block-uagb-info-box uagb-block-y1y3qqm1 uagb-infobox__content-wrap  uagb-infobox-icon-above-title uagb-infobox-image-valign-top\"><div class=\"uagb-ifb-content\"><div class=\"uagb-ifb-title-wrap\"><h3 class=\"uagb-ifb-title\">Uczniostwo<\/h3><\/div><p class=\"uagb-ifb-desc\">Uczniostwo realizowane jest wewn\u0105trz grup akcyjnych, oraz w intencjonalnych relacjach uczniowskich, cz\u0119sto poprzez narz\u0119dzie IKU (intensywny kurs uczniostwa).<\/p><\/div><\/div>\n<\/div>\n\n\n\n<div class=\"wp-block-uagb-container uagb-block-xud3cuf0\">\n<div class=\"wp-block-uagb-info-box uagb-block-2iopkrbt uagb-infobox__content-wrap  uagb-infobox-icon-above-title uagb-infobox-image-valign-top\"><div class=\"uagb-ifb-content\"><div class=\"uagb-ifb-title-wrap\"><h3 class=\"uagb-ifb-title\">S\u0142u\u017cba mi\u0119dzypokoleniowa<\/h3><\/div><p class=\"uagb-ifb-desc\">Obozy rodzinne, docieranie do wszystkich pokole\u0144 na misjach, wiara w potencja\u0142 duchowy dzieci i m\u0142odzie\u017cy.<\/p><\/div><\/div>\n<\/div>\n<\/div>\n<\/div>\n\n\n\n<p><\/p>\n\n\n\n\n\n<p><\/p>\n","protected":false},"excerpt":{"rendered":"","protected":false},"author":1,"featured_media":0,"parent":0,"menu_order":1,"comment_status":"closed","ping_status":"closed","template":"","meta":{"_uag_custom_page_level_css":"","site-sidebar-layout":"no-sidebar","site-content-layout":"page-builder","ast-site-content-layout":"full-width-container","site-content-style":"unboxed","site-sidebar-style":"unboxed","ast-global-header-display":"","ast-banner-title-visibility":"","ast-main-header-display":"","ast-hfb-above-header-display":"","ast-hfb-below-header-display":"","ast-hfb-mobile-header-display":"","site-post-title":"disabled","ast-breadcrumbs-content":"","ast-featured-img":"disabled","footer-sml-layout":"","ast-disable-related-posts":"","theme-transparent-header-meta":"enabled","adv-header-id-meta":"","stick-header-meta":"","header-above-stick-meta":"","header-main-stick-meta":"","header-below-stick-meta":"","astra-migrate-meta-layouts":"set","ast-page-background-enabled":"default","ast-page-background-meta":{"desktop":{"background-color":"var(--ast-global-color-4)","background-image":"","background-repeat":"repeat","background-position":"center center","background-size":"auto","background-attachment":"scroll","background-type":"","background-media":"","overlay-type":"","overlay-color":"","overlay-opacity":"","overlay-gradient":""},"tablet":{"background-color":"","background-image":"","background-repeat":"repeat","background-position":"center center","background-size":"auto","background-attachment":"scroll","background-type":"","background-media":"","overlay-type":"","overlay-color":"","overlay-opacity":"","overlay-gradient":""},"mobile":{"background-color":"","background-image":"","background-repeat":"repeat","background-position":"center center","background-size":"auto","background-attachment":"scroll","background-type":"","background-media":"","overlay-type":"","overlay-color":"","overlay-opacity":"","overlay-gradient":""}},"ast-content-background-meta":{"desktop":{"background-color":"var(--ast-global-color-5)","background-image":"","background-repeat":"repeat","background-position":"center center","background-size":"auto","background-attachment":"scroll","background-type":"","background-media":"","overlay-type":"","overlay-color":"","overlay-opacity":"","overlay-gradient":""},"tablet":{"background-color":"var(--ast-global-color-5)","background-image":"","background-repeat":"repeat","background-position":"center center","background-size":"auto","background-attachment":"scroll","background-type":"","background-media":"","overlay-type":"","overlay-color":"","overlay-opacity":"","overlay-gradient":""},"mobile":{"background-color":"var(--ast-global-color-5)","background-image":"","background-repeat":"repeat","background-position":"center center","background-size":"auto","background-attachment":"scroll","background-type":"","background-media":"","overlay-type":"","overlay-color":"","overlay-opacity":"","overlay-gradient":""}},"footnotes":""},"class_list":["post-1322","page","type-page","status-publish","hentry"],"uagb_featured_image_src":{"full":false,"thumbnail":false,"medium":false,"medium_large":false,"large":false,"1536x1536":false,"2048x2048":false},"uagb_author_info":{"display_name":"admin-kk","author_link":"https:\/\/kingskids.pl\/?author=1"},"uagb_comment_info":0,"uagb_excerpt":null,"_links":{"self":[{"href":"https:\/\/kingskids.pl\/index.php?rest_route=\/wp\/v2\/pages\/1322","targetHints":{"allow":["GET"]}}],"collection":[{"href":"https:\/\/kingskids.pl\/index.php?rest_route=\/wp\/v2\/pages"}],"about":[{"href":"https:\/\/kingskids.pl\/index.php?rest_route=\/wp\/v2\/types\/page"}],"author":[{"embeddable":true,"href":"https:\/\/kingskids.pl\/index.php?rest_route=\/wp\/v2\/users\/1"}],"replies":[{"embeddable":true,"href":"https:\/\/kingskids.pl\/index.php?rest_route=%2Fwp%2Fv2%2Fcomments&post=1322"}],"version-history":[{"count":13,"href":"https:\/\/kingskids.pl\/index.php?rest_route=\/wp\/v2\/pages\/1322\/revisions"}],"predecessor-version":[{"id":1376,"href":"https:\/\/kingskids.pl\/index.php?rest_route=\/wp\/v2\/pages\/1322\/revisions\/1376"}],"wp:attachment":[{"href":"https:\/\/kingskids.pl\/index.php?rest_route=%2Fwp%2Fv2%2Fmedia&parent=1322"}],"curies":[{"name":"wp","href":"https:\/\/api.w.org\/{rel}","templated":true}]}}